undred thousands digit of 219401501?
4
What is the hundreds digit of 829874335?
3
What is the hundreds digit of 38293610?
6
What is the ten millions digit of 78263342?
7
What is the thousands digit of 2355907694?
7
What is the hundreds digit of 73243929?
9
What is the millions digit of 1010626625?
0
What is the hundred thousands digit of 1048564760?
5
What is the millions digit of 1083034240?
3
What is the units digit of 189788361?
1
What is the ten thousands digit of 18049117?
4
What is the millions digit of 80346529?
0
What is the ten millions digit of 30304206?
3
What is the tens digit of 17382639?
3
What is the hundreds digit of 2370495724?
7
What is the tens digit of 297465152?
5
What is the billions digit of 4206473764?
4
What is the hundred thousands digit of 25706632?
7
What is the thousands digit of 1122488?
2
What is the thousands digit of 42945105?
5
What is the hundred thousands digit of 131182934?
1
What is the ten thousands digit of 138842?
3
What is the ten thousands digit of 114888711?
8
What is the thousands digit of 526079190?
9
What is the hundreds digit of 896795615?
6
What is the thousands digit of 112985423?
5
What is the tens digit of 189691499?
9
What is the ten thousands digit of 182890785?
9
What is the millions digit of 1611219223?
1
What is the thousands digit of 20643596?
3
What is the millions digit of 398249390?
8
What is the billions digit of 1096985455?
1
What is the hundred millions digit of 8141763884?
1
What is the units digit of 523648191?
1
What is the units digit of 398173500?
0
What is the hundred thousands digit of 1109430384?
4
What is the units digit of 1468672790?
0
What is the hundreds digit of 312650166?
1
What is the hundred thousands digit of 76665568?
6
What is the hundred thousands digit of 1049731646?
7
What is the units digit of 130941642?
2
What is the hundreds digit of 109105541?
5
What is the thousands digit of 61367184?
7
What is the thousands digit of 31195879?
5
What is the hundreds digit of 1009604743?
7
What is the ten thousands digit of 170304859?
0
What is the millions digit of 3569420615?
9
What is the tens digit of 61842448?
4
What is the ten millions digit of 354340734?
5
What is the ten millions digit of 2968198944?
6
What is the hundred thousands digit of 30874571?
8
What is the thousands digit of 651241965?
1
What is the hundreds digit of 3599113752?
7
What is the hundreds digit of 28226939?
9
What is the thousands digit of 7818321138?
1
What is the ten thousands digit of 237600990?
0
What is the thousands digit of 333875361?
5
What is the ten thousands digit of 40586182?
8
What is the thousands digit of 55091828?
1
What is the ten thousands digit of 14830789?
3
What is the tens digit of 104741000?
0
What is the hundreds digit of 49374885?
8
What is the ten millions digit of 1185559981?
8
What is the tens digit of 708692593?
9
What is the tens digit of 12082188?
8
What is the tens digit of 668310?
1
What is the hundred millions digit of 136807333?
1
What is the hundreds digit of 2692322833?
8
What is the ten thousands digit of 138913665?
1
What is the thousands digit of 1993570726?
0
What is the millions digit of 8659510?
8
What is the ten millions digit of 132948394?
3
What is the hundred millions digit of 369035745?
3
What is the millions digit of 2760171712?
0
What is the ten thousands digit of 82005485?
0
What is the ten thousands digit of 29587165?
8
What is the hundred thousands digit of 890009137?
0
What is the tens digit of 371025319?
1
What is the hundred millions digit of 1507601748?
5
What is the units digit of 287743529?
9
What is the hundred thousands digit of 65312112?
3
What is the hundred millions digit of 2211634681?
2
What is the millions digit of 71182572?
1
What is the hundred thousands digit of 37313493?
3
What is the ten millions digit of 750286540?
5
What is the millions digit of 484832232?
4
What is the tens digit of 388100111?
1
What is the thousands digit of 423774869?
4
What is the units digit of 336477079?
9
What is the hundred thousands digit of 35090542?
0
What is the hundreds digit of 206152535?
5
What is the thousands digit of 160050195?
0
What is the millions digit of 163953641?
3
What is the units digit of 20979285?
5
What is the ten thousands digit of 19688342?
8
What is the hundreds digit of 118735046?
0
What is the units digit of 52705596?
6
What is the tens digit of 52896899?
9
What is the hundred thousands digit of 189215547?
2
What is the millions digit of 1846322?
1
What is the tens digit of 37155085?
8
What is the ten millions digit of 83540587?
8
What is the units digit of 20494503?
3
What is the tens digit of 131495645?
4
What is the millions digit of 139865457?
9
What is the tens digit of 78549248?
4
What is the millions digit of 440224137?
0
What is the hundreds digit of 35415976?
9
What is the millions digit of 1488373242?
8
What is the hundred millions digit of 247395974?
2
What is the ten millions digit of 224571455?
2
What is the hundred thousands digit of 77776733?
7
What is the tens digit of 127300539?
3
What is the ten thousands digit of 31654485?
5
What is the millions digit of 119661969?
9
What is the millions digit of 26729048?
6
What is the ten thousands digit of 3025186090?
8
What is the thousands digit of 131941926?
1
What is the hundreds digit of 1057436089?
0
What is the ten millions digit of 45139373?
4
What is the thousands digit of 4429069?
9
What is the ten thousands digit of 2952428627?
2
What is the millions digit of 136237108?
6
What is the units digit of 67457085?
5
What is the ten thousands digit of 202063502?
6
What is the hundred thousands digit of 112768642?
7
What is the hundreds digit of 48398451?
4
What is the thousands digit of 138936111?
6
What is the units digit of 909997678?
8
What is the tens digit of 5750218522?
2
What is the ten millions digit of 433266837?
3
What is the units digit of 176774869?
9
What is the thousands digit of 8708294379?
4
What is the hundreds digit of 49747541?
5
What is the hundreds digit of 207602935?
9
What is the ten thousands digit of 13721694?
2
What is the hundred thousands digit of 29935899?
9
What is the tens digit of 2621470664?
6
What is the units digit of 2800059181?
1
What is the hundreds digit of 1759834645?
6
What is the hundred thousands digit of 182133230?
1
What is the ten thousands digit of 602185190?
8
What is the tens digit of 272580370?
7
What is the ten thousands digit of 126931346?
3
What is the ten thousands digit of 17576780?
7
What is the hundreds digit of 527670425?
4
What is the ten thousands digit of 57420064?
2
What is the hundred thousands digit of 334442477?
4
What is the ten millions digit of 55875927?
5
What is the tens digit of 2126653648?
4
What is the millions digit of 486916056?
6
What is the ten millions digit of 693070317?
9
What is the millions digit of 2237569540?
7
What is the units digit of 438029454?
4
What is the thousands digit of 706247989?
7
What is the millions digit of 603842889?
3
What is the ten thousands digit of 4965052461?
5
What is the units digit of 2970327?
7
What is the thousands digit of 338248844?
8
What is the units digit of 381046327?
7
What is the millions digit of 308019712?
8
What is the billions digit of 2180194072?
2
What is the billions digit of 5430549862?
5
What is the millions digit of 69391919?
9
What is the millions digit of 421647642?
1
What is the thousands digit of 5524623122?
3
What is the tens digit of 291053394?
9
What is the ten thousands digit of 62398203?
9
What is the thousands digit of 45544333?
4
What is the hundreds digit of 257486897?
8
What is the units digit of 116426253?
3
What is the ten millions digit of 888029454?
8
What is the ten thousands digit of 103445939?
4
What is the ten thousands digit of 21267930?
6
What is the tens digit of 67101764?
6
What is the hundreds digit of 606326645?
6
What is the ten millions digit of 151383657?
5
What is the thousands digit of 42493334?
3
What is the tens digit of 39359541?
4
What is the ten thousands digit of 996140838?
4
What is the millions digit of 1424922550?
4
What is the hundreds digit of 121451229?
2
What is the units digit of 16094511?
1
What is the tens digit of 13546178?
7
What is the billions digit of 2137900875?
2
What is th